 78 = 0, 3*o - a + 26 = 0. Let g be p(o). Let t(n) = 30*n - 56*n + 8 + 27*n. Give t(g).
-1
Let a(w) = w**2 + 15*w - 30. Let b be a(-17). Suppose b*i - g + 24 = 0, -2*i - g - 3 - 3 = 0. Let c(q) = -4*q + 11*q + 4 - 9*q - 1. Determine c(i).
13
Suppose -6*p + 4*p + 12 = 2*m, 3*p = -m + 10. Let w be 9/(-6)*m/(-3). Let f(n) = -1 - 30*n**2 + 18*n**w - 2*n + 14*n**2 - n**3. Calculate f(2).
-5
Let w(i) = 171092459*i - 5 + 1 - i**3 - 171092457*i. Let u(l) = l**2 - 8*l - 12. Let m be u(9). Let z be -3 + (-1)/m*0. Determine w(z).
17
Let d(z) = z**3 + 7*z**2 + 8*z + 2. Let f be 2 - 1656/(-45) - 4/5. Let w(s) = s**2 - 38*s - 6. Let y be w(f). Give d(y).
-10
Let w(x) be the third derivative of 5*x**4/12 - x**3/6 + 26*x**2 + 1. Let k(i) = -i**3 + 11*i**2 - 24*i + 3. Let t be k(8). What is w(t)?
29
Let i(v) = -5*v**3 + 4*v + 4. Let x(u) = 3*u**3 - 3*u - 4. Let b(w) = -2*i(w) - 3*x(w). Let n = 6 + -4. Suppose 0 = 4*d - 5*h, n*h + 0*h = d. Determine b(d).
4
Suppose 18*z - 380 + 151 + 139 = 0. Let r(b) = b**3 - 6*b**2 + 7*b + 2. Determine r(z).
12
Let a be (-2)/15 - (-2)/(-12)*(-618)/(-15). Let w(l) = -l**3 - 7*l**2 - 2*l - 9. Determine w(a).
5
Let u(t) = t + 4. Let o be (3 + 90/(-42))/(2/84). Suppose -o*s + 37*s = -9. Calculate u(s).
-5
Let v(h) = 2*h**3 + 20*h**2 + 2*h + 24. Suppose 4*z - 8 = 3*q + 18, -3*q - 43 = 13*z. Give v(q).
4
Let j(t) = -2*t**2 + 2. Let n(o) = 9*o**2 + 11*o + 2. Let p(r) = -4*j(r) - n(r). Let w(m) = -m**3 + m**2 + 2*m + 2. Let x be w(3). Determine p(x).
0
Let p(a) = 40 + 39 - 7*a**2 + 12*a - 86. Let k(j) = -9*j**2 + 13*j - 9. Let c(o) = -3*k(o) + 4*p(o). What is c(6)?
17
Let c(m) = 40*m + 9. Let o = 24315 + -24317. Calculate c(o).
-71
Suppose 0 = 29*k + 60 - 147. Let p(g) = 4*g**2 - 7*g - 9. What is p(k)?
6
Suppose 5*u - 40 = -3*r, u - 5*r - 8 = -3*r. Let o(h) = -h**2 + 10*h - 16. Calculate o(u).
0
Let y(k) = 13*k + 1. Suppose 0 = -35*n + 28*n + 14. Let o(f) = -10*f - 2. Let p(j) = n*y(j) + 3*o(j). Determine p(-5).
16
Let t(u) = -524*u**2 + 578 - 193 - 186 - 7*u - 191 + 523*u**2. Let l be ((-1)/(-2))/(3/(-42)). Calculate t(l).
8
Let w(s) = 21*s**2 + 3*s - 3. Let a(t) = -125*t**2 - 18*t + 17. Let j(n) = 6*a(n) + 34*w(n). Let c(d) = -3*d**2 - d. Let o(h) = -5*c(h) + j(h). Determine o(1).
-22
Let l(a) = 2*a**2 + 4*a - 2. Suppose -4*g + 5 + 7 = 0. Suppose -g*n - 2*c = 18, 21*c = 3*n + 25*c + 24. What is l(n)?
14
Suppose -35*h = -37*h + 60. Let d(n) = -10*n**2 + 10*n**2 - n**2 - 31*n - 3 + h*n. Determine d(-2).
-5
Let l be ((-1225)/(-350))/((-14)/(-16)) - 11. Let t(q) = 13 - q**2 + 2*q**2 + 4*q + 11 + 6*q. Give t(l).
3
Let t(o) = -21*o + 33. Let v(g) = 18*g - 27. Let b(m) = 3*t(m) + 4*v(m). Determine b(4).
27
Suppose -3*b = 3*q, 11*b - 15*b = 2*q - 2. Let c(w) = -17*w**2 + 8270*w + w**3 + 0 - b - 8254*w. Give c(16).
-1
Let l(y) = 6*y + 30. Let t(p) = -p - 6. Let o(r) = -3*l(r) - 14*t(r). Let z(m) = m**3 + 25*m**2 - 148*m + 56. Let q be z(-30). Determine o(q).
10
Suppose -4*h = -0*h - 20. Let r = 245 - 240. Let t(j) = -j**3 - r*j + 6*j - 58*j**2 + 63*j**2 + 1. Determine t(h).
6
Suppose -5*r - 36 = 3*i - 1, -28 = 4*r - 3*i. Suppose 19*l + 240 = 23*l. Let s(k) = -168 + 60 - 5*k - k**2 + l + 58. Give s(r).
-4
Let z(j) = j**2 + j + 2. Let r = 331 - 311. Let o(s) = -12*s**2 - 10*s - 20. Let u(q) = r*z(q) + 2*o(q). Calculate u(1).
-4
Let s(g) = -2*g**3 - 7*g**2 - 19*g - 21. Let f(q) = -q**3 - 3*q**2 - 10. Let v(b) = -3*f(b) + s(b). What is v(3)?
-3
Suppose 176*l - 75 = 629 + 352. Let k(y) = 5*y + 5*y**3 - 4*y**3 + 6 - 7*y**2 + 1. Determine k(l).
1
Let h(a) = a**2 - 13*a + 14. Let r = 7150 - 7142. What is h(r)?
-26
Let o(h) = -17*h**3 + 33*h**2 - 30*h - 76. Let u(f) = 19*f**3 - 34*f**2 + 31*f + 76. Let r(m) = 9*o(m) + 8*u(m). Give r(24).
-28
Let f(j) = -4*j**2 - 1. Let p be (819/2)/((-3)/(-4)). Let t be (-10)/45 + p/27. Suppose t*m - 3 = 23*m. Determine f(m).
-5
Let y(j) be the third derivative of -j**3 + 1/24*j**4 + 0 - 4*j**2 + 0*j. Let z = 31750 + -31740. Give y(z).
4
Let u = -49 + 36. Let l be 5/2 + u/26. Let n(b) = 4 - 10*b**l - 4 + 9*b**2 - 4 - 6*b. What is n(-6)?
-4
Let u(l) = -8*l + 211. Let d(o) = 2*o - 54. Let c(k) = 6*d(k) + u(k). Give c(33).
19
Let u(b) = 8*b + 1. Suppose 0*l - 5*l = 4*w, w + l - 1 = 0. Suppose 3*d + 2*h = -5, d - 2*h - w - 4 = 0. Give u(d).
9
Let o(i) be the second derivative of i**3/2 + 5*i**2 + i. Suppose -109*l + 94*l + 495 = 0. Suppose -19 + l = -2*s. Determine o(s).
-11
Suppose -3*s = 3*a - 39, -21*s = -23*s + 4*a - 4. Let f(o) = -o**3 + 6*o**2 + 14*o + 4. What is f(s)?
-12
Let v(k) = -k**2 - 15*k - 60. Let t = -9714 - -9706. Give v(t).
-4
Let v(a) be the first derivative of 16*a**3/3 - a**2/2 + a + 4. Suppose -181*r = -202*r + 21. Determine v(r).
16
Let h(n) = -53*n - 4. Suppose 2*p - 12 = 0, -5*p + 4 = -y - 24. Calculate h(y).
-110
Let z(i) be the first derivative of i**4/4 + 5*i**3/3 - i**2 + 3*i + 913. What is z(-3)?
27
Let b be -2 + 2/(-4)*0. Let n(s) = 6*s - 5*s**2 - 6 + 3 - 3*s**3 + 4. Let c(z) = 4*z**3 + 6*z**2 - 7*z. Let j(f) = -2*c(f) - 3*n(f). Calculate j(b).
9
Let w(g) = 3*g - 3. Let n(s) = -s + 3. Let x be (12/18 + (-2)/(-6))*3. Let p(r) = x*w(r) + 7*n(r). Calculate p(-8).
-4
Let t be (6/(-14))/(25/175). Let i(y) = -1. Let m(c) = -c + 1. Let k(j) = 3*i(j) + 4*m(j). Give k(t).
13
Suppose -5*k + 7 = 2*r - 12, 6 = 2*k. Let m(c) = 6 - 6*c - r + 108532*c**2 - 108531*c**2. Calculate m(6).
4
Let a(l) = -l**2 + 2*l + 2. Suppose 26*r - 16683 = -41*r. Suppose -116 = -73*y + r. Determine a(y).
-13
Let u be (5 - 1)/4*-2. Let b(i) = 50 + i - 25 - 21. Determine b(u).
2
Suppose 3*v + 3*p = -3, 16 = -0*v - v - 4*p. Let d(c) = -18*c + 4. Let n(t) = 3*t + 1. Let l(o) = d(o) + 4*n(o). What is l(v)?
-16
Let r = -31 - -29. Let q be (-2)/r + (-6)/1 + 4. Let u(m) = -6*m**3 - m - 1. Give u(q).
6
Let v(t) = t**2 + 4*t**2 - t**3 - 2*t**2 - 2. Let b be (-10 - -5 - 6)*28/1386*-9. Give v(b).
2
Suppose 4*x = 12, -4*m + 4*x - 8*x = -48. Suppose 0 = 11*u - m*u - 14. Let o(k) = 3*k + k - u*k - 7. Determine o(-6).
11
Let g(q) be the second derivative of -q**5/20 + 3*q**4/2 + 10*q**3/3 - 23*q**2/2 + 337*q. Let f(d) = 7*d - 37. Let s be f(8). What is g(s)?
-4
Let n(g) be the third derivative of -g**5/60 + g**4/6 + 7*g**3/6 - 14*g**2. Let l(w) = -w**2 - 12*w - 22. Let c be 3*(-2)/6 + -8. Let d be l(c). Determine n(d).
2
Let j(s) = 2*s - 4. Suppose 5*g - 22 = 8. Let h(l) = -5 + 8 - g - 8*l. Let f be h(-1). What is j(f)?
6
Let f be 15/(-20) - (-3)/4. Let g(w) be the first derivative of f*w - 5/2*w**2 + 16. Determine g(-2).
10
Suppose 25*i + 400 + 1400 = 0. Let z be (-36)/i + 6/4. Let k(r) = 2*r + 6 + r**2 - 3 - 2. Give k(z).
9
Let v(u) = 74*u + 17. Let i(b) = -26*b - 7. Let z(d) = 17*i(d) + 6*v(d). Give z(12).
7
Let x(b) be the first derivative of -b**3/3 - 6*b**2 - 15*b + 2029. Give x(-3).
12
Let h(o) = 12*o + 100. Let v(p) = -p**2 + 91*p + 2614. Let n be v(114). Give h(n).
4
Let n be (1*3/(-9))/((-11)/(-33)). Let v(c) = 91 - 41 - 4*c**2 - 49. Determine v(n).
-3
Let y(q) be the third derivative of q**5/30 + 3*q**4/4 - q**3 - 902*q**2. What is y(-8)?
-22
Suppose -3*n + 3*h + 21 = 0, 0 = n + 5*h - 1 - 0. Suppose -n + 16 = -5*s. Let o(i) = -1. Let t(d) = 3*d - 4. Let z(x) = -2*o(x) + t(x). What is z(s)?
-8
Suppose -3*m = 3*c, m + c + 8 = 2*m. Let q be (m + -2)*2 + 0/4. Let f(t) be the first derivative of -t**3/3 + 5*t**2/2 - 4*t - 2. Calculate f(q).
0
Let p(i) = i + 8*i - 31*i + 8*i. Let m be 10/(-14) - 4/14. Determine p(m).
14
Let z(k) be the second derivative of k**4/4 + k**3/2 + k**2 + 5*k - 117. What is z(-1)?
2
Let h be 1740/(-75)*(27 + 3)/(-2). Let j = h - 344. Let i(o) = -4*o + 10. What is i(j)?
-6
Let i be (-58)/8 - (-3 + (-22)/(-8)). Let r(p) = 7*p**3 + 2*p**2 + 3*p - 2. Let c(h) = 20*h**3 + 7*h**2 + 10*h - 4. Let t(f) = 6*c(f) - 17*r(f). Determine t(i).
-4
Let a(m) = 3*m**2 + 15*m - 4. Let u = -36 + 36. Suppose -5*z - 7 = 13, -3*w - 3*z - 27 = u. Let r be a(w). Let p(x) = x - 1. Give p(r).
-5
Let c(n) be the second derivative of 7*n**3/2 + 30*n**2 - 297*n. Calculate c(-3).
-3
Let z(x) = x**2 + 1. Let d = -245 - -240. Let y be (-9)/(-15) + 3/d. Calculate z(y).
1
Let v(q) = -q**3 + 4*q**2 - 3. Let m be v(3). Let k(l) = -4003 + 9*l - 17*l + 1331 + 1334 + 9*l + 1327. Determine k(m).
-5
Let j(d) = -2*d**2 + 45 + 42 + 49 - 141. Let w